r?
3
Suppose -5*x + 4 = -1. Let r(d) = d**2 - d + 3. Let z be r(-5). Let q = z - x. What is the tens digit of q?
3
Suppose 0 = 2*p + 3*i - 25, -3*p - i = -p - 15. Suppose -z = -3*w - 276, -p*z - w + 3*w = -1419. What is the hundreds digit of z?
2
Suppose 0*g = 3*g. What is the units digit of 1 - ((3 - g) + -77)?
5
What is the hundreds digit of 378 + 7/(-5)*-5?
3
Let d be 5 - (-2 - (0 - 2)). Suppose -d*n + 22 = -3*n. What is the tens digit of n?
1
Suppose 0 = -3*a - j - 1313, 2179 = a - 6*a + 3*j. Let q = 637 + a. What is the hundreds digit of q?
2
Suppose -8*f = 3 + 21. What is the tens digit of (f + 2 - 2) + 36?
3
Let m(b) be the second derivative of -b**3/6 + 8*b**2 + 15*b. What is the units digit of m(-5)?
1
Suppose p - 6*p + t + 7365 = 0, -2*p = -5*t - 2969. Suppose 0 = -9*s + s + p. What is the tens digit of s?
8
Let w(h) = -h**3 - 7*h**2 - 4*h - 1. Let d be w(-4). What is the units digit of (-110)/d + (-2)/(-3)?
4
Let a = 15557 + -11103. What is the units digit of a?
4
Let s = 415 - 992. What is the tens digit of (-2 - 22/(-12)) + s/(-6)?
9
Suppose i - 289 = -3*a + 267, -5*i + 2799 = -4*a. What is the units digit of i?
9
Let b = -198 + 51. Let k = b + 245. What is the units digit of k?
8
Suppose 3*z + 5*u - 21 = 0, z + 5*u - 15 = 2. Suppose 3*o + 2 = -2*g - z, 5*o - 60 = 5*g. Let k = g + 16. What is the units digit of k?
8
Let f = 11 + 23. Suppose 30*w = f*w - 1016. What is the units digit of w?
4
Let u = -10 - -13. Suppose -76 = r - u*r - 3*j, -5*r + 4*j + 167 = 0. What is the units digit of (-377)/(-5) - 14/r?
5
Let t(l) = -l**3 + 7*l**2 + 10*l + 10. Let i be t(6). Let z = i + 43. What is the tens digit of z?
4
Let q be (-14)/(-6) - 1/3. Let t = 75 - q. What is the tens digit of t?
7
Suppose 5 = -4*t - t - 5*r, -8 = 4*r. Suppose 6*i - 20 = i. Let l = i - t. What is the units digit of l?
3
Suppose -2*k + 3*d = -0*d + 7, -k = 4*d - 24. Suppose -k*a = a - 130. What is the tens digit of a?
2
Let k = 3367 - 2298. What is the units digit of k?
9
Let t = -81 - -85. Let v = 15 - 10. Suppose v*x - 9 = -w, 8*x = t*x + w. What is the units digit of x?
1
Suppose -3*p + 5*q + 337 = 0, -3*p + 575 = 2*p - 5*q. Let d = -13 + p. What is the tens digit of d?
0
What is the units digit of (-28368)/(-21) - (-11)/77?
1
Let y(w) = -w**3 - 2*w**2 - 4*w - 2. Let h be y(-2). Suppose h*o + 0*o = 36. What is the units digit of o?
6
Suppose -3*v + 363 = -3*c, -2*v + 235 + 16 = c. Let n = v - 93. What is the tens digit of n?
3
Let w be (1192/(-16))/((-2)/4). Suppose -4 = 5*l + 5*j - 354, -w = -2*l - 5*j. What is the units digit of l?
7
Let n(a) be the second derivative of -a**3/6 + 17*a**2/2 + 10*a - 2. Let g be (-46)/(-6) + 2/6. What is the units digit of n(g)?
9
Let r(k) = -k + 29. Let h be r(19). Suppose h*y = 4*y + 750. Let f = -63 + y. What is the units digit of f?
2
Let c = -156 - -51. Suppose 2*x - 6*x + 592 = 0. Let p = c + x. What is the units digit of p?
3
Suppose 12*p + 4*p - 10064 = 0. What is the units digit of p?
9
Let j = -359 + 878. What is the tens digit of j?
1
Suppose -2843*h + 2845*h = 1380. What is the tens digit of h?
9
What is the tens digit of (-30447)/(-34) + 3/(-2)?
9
Suppose 5*t - 27 = -3*d, 2*d - 4*t = -3*d + 8. Suppose -2*m - 12 = 2*m, -5*v - d*m + 318 = 0. What is the tens digit of v?
6
Suppose 172 + 20 = h. What is the tens digit of h?
9
Let m = -67 + 708. What is the hundreds digit of m?
6
Let w(o) = -o**2 - 17*o - 13. Let a be w(-18). Let p = 62 + a. What is the tens digit of p?
3
Suppose 10*z - 1798 = 11942. What is the units digit of z?
4
Let l = -1108 - -3818. What is the units digit of l?
0
Let u(n) = 47*n**2 + 34*n + 14. What is the thousands digit of u(5)?
1
Let i = 13 + -42. Let k = 28 + i. Let z = 2 - k. What is the units digit of z?
3
Suppose 2*c = 6*c - 8. What is the units digit of (108/c)/(-2)*(-1 + 0)?
7
Suppose 0 = 17*j - 4942 - 4442. What is the hundreds digit of j?
5
Let m = 11 - 13. Let b(g) = 8*g**2 + g. Let f be b(m). Suppose -a = 4*l - f, 2 = -3*a + 4*a. What is the units digit of l?
7
Suppose -9*o = -4*o + s + 22, 5*s + 5 = -4*o. Let v(w) = -w**3 - 4*w**2 + 2*w. Let u be v(o). Suppose u = 5*y - 15. What is the units digit of y?
6
Let q(c) = c**2 + 14*c - 314. What is the tens digit of q(15)?
2
Let h = -674 - -1222. What is the units digit of h?
8
Let m(o) = o**2 + 15*o - 2. Let a be m(-14). Let r = -9 - a. Let t = 18 + r. What is the tens digit of t?
2
What is the units digit of ((-4)/(-3) + 688/(-48))/(-1)?
3
Suppose -35 = -7*c - 0. Suppose 4*k - 3*a = 78, -2*k + 25 = -k + 2*a. Suppose k + 139 = c*f. What is the units digit of f?
2
Suppose 3*u - 7 = c - 1, -3*u - 2*c = -6. Let z(q) = 12 - 5*q**2 + 2 + 4*q**u - 13*q - 3. What is the units digit of z(-11)?
3
Suppose 3*d - 4*t = -252, -5*d = 3*t + 391 - 0. Let b be (d + -1)*2/(-3). Suppose 21 = 5*o - b. What is the tens digit of o?
1
Let g be (-2)/((-3)/(-9) - 1). Suppose -4*z = -g*d - 2*d + 76, -3*z = -3. Suppose d = -2*r + 6*r. What is the units digit of r?
4
What is the tens digit of -1*(9 - 2667) - 5?
5
Let u be 1956/16*32/6. Suppose 5*s - 108 = u. What is the units digit of s?
2
Suppose 0*s - 1568 = -8*s. Suppose g + 4*r = -4*g + 241, -4*r + s = 4*g. What is the units digit of g?
5
Let d(i) = i**2 - 7*i - 20. Let q = 28 + -17. What is the units digit of d(q)?
4
Let h(v) = 6*v - 26. Let p(s) = -2*s + 9. Let o(b) = 6*h(b) + 17*p(b). Let k(d) = 2*d - 25. Let u be k(15). What is the units digit of o(u)?
7
Let c(d) = -6*d + 26. Let o(u) = -u**3 + 15*u**2 - 3*u + 37. Let a be o(15). What is the tens digit of c(a)?
7
Let t = 308 - 285. What is the units digit of t?
3
Let z(a) = 2*a**2 + 12*a + 9. Let y be z(-5). Let u(s) = -128*s**3 + 2*s**2 + 2*s + 1. What is the tens digit of u(y)?
2
Let c be (6 + -5 - 4)/(6/(-8)). Suppose u + c*i = 113, -3*i - 15 = 2*i. What is the hundreds digit of u?
1
Let s(x) = -5*x**3 - 34*x**2 + 20*x + 14. What is the hundreds digit of s(-9)?
7
Suppose 2*k = -5*v + 7883, 7933 = 2*k + 31*v - 36*v. What is the thousands digit of k?
3
Suppose 71 = 3*g - 556. Suppose -5*z + 6 = -g. Let p = 97 - z. What is the tens digit of p?
5
Let k = -56 - -103. Suppose 2*y = 263 + k. What is the hundreds digit of y?
1
Let q(j) = -j**3 + 9*j**2 + 9*j + 3. Let s(y) = y**3 - 9*y**2 - 8*y - 10. Let p be s(10). Let r be q(p). Let x = 32 + r. What is the tens digit of x?
2
Suppose 0 = -2*f + a + 547, 32 = -2*f - 2*a + 594. Let g = f - 96. What is the units digit of g?
0
What is the hundreds digit of (-4442)/(-20)*5*(7 - 5)?
2
Let m(d) = d**2 - 10*d + 12. Suppose -2*o + q + 8 = -12, 0 = -5*o - q + 43. Let z be m(o). What is the tens digit of 324/16 - z/12?
2
Let x(a) = 179*a + 1. What is the hundreds digit of x(1)?
1
Suppose -2*k = -3*a + 6950, 4*k + 8533 = 5*a - 3051. What is the tens digit of a?
1
Let l(b) = -b**3 + 9*b**2 + 2. Let g be l(9). Suppose g*h - 79 = 3*i, 4*h + 5*i - 120 = 49. What is the tens digit of h?
4
Suppose 5*s = -n + 6 + 19, 3*n - 20 = -4*s. Suppose -3*h = -2*x + 40 + 32, -2*h = -s*x + 191. What is the tens digit of x?
3
Let j(n) = -4*n + 26. Let a(m) = -m + 1. Let x(o) = 6*a(o) - j(o). Let z be x(-9). What is the units digit of (28/10)/(z/(-10))?
4
What is the thousands digit of (-106792)/(-77) - (-2)/22?
1
Let c be (770/4)/(-7)*2*-6. Suppose -13*y = -11*y - c. What is the units digit of y?
5
Let b(i) = -2*i**3 - 9*i**2 - 4*i - 9. Let y(k) = k**3 - k**2 - 3*k - 6. Let l be y(0). What is the units digit of b(l)?
3
Let m(f) = -4*f - 1. Let v be m(-1). Let r be (v/(-5))/((-15)/75). Suppose r*k + 308 = 6*p - p, -4*p + 247 = -3*k. What is the tens digit of p?
6
Let z(g) = 121*g + 2. Let h be z(1). Let f = -54 + h. What is the units digit of f?
9
Suppose 0*m = 2*m - 4. Suppose -2*g - 14 = 4*x, -90 = 5*g - 3*x + m*x. Let q = -12 - g. What is the units digit of q?
5
Let c = 43 - -248. What is the hundreds digit of c?
2
Let h(q) = q**3 - 40*q**2 - 95*q - 78. What is the units digit of h(43)?
4
Let v = 84 - -25. Let c = v - 36. What is the units digit of c?
3
Let y(v) = v**2 + 3*v + 23. Let i be y(-13). Let d = 280 - i. What is the units digit of d?
7
Let p = 2109 + -1636. What is the hundreds digit of p?
4
Let j = -419 - -602. What is the tens digit of j?
8
Suppose -22*f = -23*f + 1277. What is the units digit of f?
7
Suppose -k + 0*k = -2*l - 82